.
4
Let l be (-14964)/(-40) + (236/40 - 6). Calculate the highest common factor of 110 and l.
22
Suppose -3*h + 2*i = 4*i - 152, -5*h + 3*i + 228 = 0. Suppose -5*p = -3*x - 27, -3*x + 21 = 5*p - 2*p. Calculate the greatest common divisor of h and p.
6
Suppose -192*v + 120 = -177*v. Calculate the greatest common divisor of 128 and v.
8
Let t be (1 + 3)/(-13 + 15). Let p(i) = -i - 2. Let f be p(-15). Calculate the greatest common factor of t and f.
1
Let r = -187 - -859. Calculate the greatest common divisor of 42 and r.
42
Let y(c) = c**3 - 3*c**2 - 10. Let k be y(4). Calculate the greatest common factor of k and 51.
3
Suppose -3*r - 36 = -5*r. Let h be (-45)/6*12/(-10). Suppose 5*l - 3*v - 996 = 0, -803 + h = -4*l + v. What is the highest common divisor of r and l?
18
Let a(g) = 2*g**3 - 6*g**2 + 8*g - 58. Let q be a(8). What is the highest common divisor of q and 38?
38
Suppose 0 = 6*i - 4*i - 2*y - 4, -2*i - 3*y + 14 = 0. Let r = i + -2. Calculate the greatest common divisor of r and 12.
2
Let v(g) = -2*g + 6. Let i be v(6). Let y = -6 - i. Suppose 0 = -y*k - 4*k + 112. Calculate the greatest common divisor of 14 and k.
14
Suppose -g - 4*b + 40 = 0, -9*g + 7*g + 62 = 2*b. Let x be 586/7 - 2/(-7). Calculate the greatest common factor of g and x.
28
Let o be 9/21 + (-4170)/(-70). What is the greatest common divisor of o and 45?
15
Suppose -2*k + 26 = 2*v - 124, 3*v - 245 = k. Let p(n) = 31*n**3 + n**2 - n + 1. Let y be p(1). Calculate the highest common factor of v and y.
16
Suppose 3*q - 65 = -2*x, 40 = 5*q + 5*x - 75. Let s be q*(1 + 2) + -1. Calculate the greatest common factor of s and 7.
7
Suppose -2*j - 31 = -5. Let q = j + 21. Calculate the greatest common divisor of 64 and q.
8
Suppose 4*c - 5*s = -c + 200, -2*c = -3*s - 82. Calculate the highest common factor of 209 and c.
19
Let b be ((-6)/8)/((-4)/16). Suppose 3*n + b*y - 12 = -0*n, 5*y - 20 = 5*n. Let f be n + -2*279/(-2). Calculate the highest common factor of f and 31.
31
Let g be 1760/25 - (-8)/(-20). Suppose 4*u - g = -2*x + 7*x, -4*u + 56 = 2*x. What is the highest common divisor of 10 and u?
5
Let i = 9 + -22. Let k = 3 - i. Suppose 0 = -h + 6 + 10. Calculate the greatest common factor of k and h.
16
Let u = -195 - -203. What is the highest common divisor of 40 and u?
8
Let z = -6 + 10. Suppose 5*f + 230 = 3*u, z*u + 3*f - f = 298. What is the highest common divisor of u and 50?
25
Let a be (-16)/((-3)/(60/2)). Let s be -9 + (-171)/(-11 - -2). What is the greatest common divisor of s and a?
10
Suppose 0 = 853*b - 859*b + 456. Calculate the highest common divisor of b and 171.
19
Let a = 150 + -130. What is the highest common factor of 64 and a?
4
Let k = 93 - 87. Calculate the highest common divisor of k and 8.
2
Let c = 93 - 93. Suppose -10*h - h + 44 = c. What is the greatest common factor of 44 and h?
4
Let g(v) = v**3 - 11*v**2 + 25*v + 12. Let i be g(8). Calculate the highest common divisor of i and 40.
20
Let v be (-9)/(-6) - (-4 - 165/10). Calculate the greatest common factor of v and 176.
22
Let h(d) = 2*d + 7. Let y(n) = n**2 + 3*n. Let b be y(0). Let q be h(b). What is the highest common divisor of 28 and q?
7
Suppose -12*a + 1780 = 460. Calculate the greatest common factor of a and 44.
22
Suppose 0 = -2*d - 59 + 55. Let s be (-6)/(-4) - 287/d. Calculate the highest common divisor of 58 and s.
29
Let s = -2061 + 2180. What is the greatest common factor of 3689 and s?
119
Let y(n) be the second derivative of -n**4/12 + 3*n**3/2 + 11*n**2/2 - 14*n. Let o be y(8). What is the highest common divisor of 171 and o?
19
Let d = -736 + 1568. Calculate the highest common factor of d and 13.
13
Suppose -4*z = -166 - 22. Calculate the highest common divisor of z and 611.
47
Suppose 1 = -4*a + 3*m, -4*a - 1 - 3 = -4*m. Suppose -a*b - 6 = -3*b. What is the greatest common divisor of 6 and b?
6
Let l(g) = 0 - 8*g + 3*g - 3. Let c be l(-11). What is the highest common divisor of 13 and c?
13
Let x = -8 - -7. Let l(i) = 17*i**2. Let w be l(x). What is the highest common divisor of w and 17?
17
Let u = -598 + 604. What is the highest common factor of 228 and u?
6
Let o(p) = 13*p - 3. Suppose 0*c - 2 = -2*c. Let m be o(c). What is the highest common divisor of 10 and m?
10
Let l(h) = -h - 1. Let x be l(-11). Let j be -4*6/(-144) - 185/(-6). Suppose 5*t - 52 = 3*t + p, -t + j = -3*p. What is the greatest common factor of x and t?
5
Let l = 6 - 0. Let k = 3 - l. Let z be -3*(k + 183/(-9)). What is the highest common factor of 10 and z?
10
Let q = -315 + 329. Calculate the greatest common divisor of 154 and q.
14
Let v be 2*1/(0 + -2). Let x be v/((-6)/(-4))*-12. Let w be (-144)/324 + (-1016)/(-18). Calculate the greatest common divisor of w and x.
8
Suppose 0 = 65*n - 70*n + 25. Let v = 7 - 4. Let h(f) = -f**3 + 4*f**2 + 3*f - 3. Let o be h(v). What is the highest common factor of o and n?
5
Let d = 2251 - 2229. Let z be (-8)/(1 + 12/(-11)). Calculate the greatest common divisor of d and z.
22
Let g be 3*((-30)/(-9) - 4). Let u be (1 + -1)*g/(-6). Suppose u*v = -3*v + 54. What is the greatest common divisor of v and 12?
6
Let s(q) = 17 + 1 + 3 - 2*q. Let r be s(0). Let v = r + -7. What is the highest common divisor of v and 42?
14
Let s = 850 + -829. Let a(x) = -2*x**3 - 8*x**2 + 3. Let o be a(-6). Calculate the greatest common divisor of o and s.
21
Let o = 7 + -28. Let h = -18 - o. Suppose x = -2*x + 2*w + 26, h*w = -4*x + 29. What is the greatest common divisor of x and 8?
8
Let m = 17 - 31. Let o(b) = b**2 + 9*b - 23. Let f be o(m). Calculate the greatest common factor of f and 47.
47
Let m = 7 + 12. Suppose -11*a + 12*a = -41. Let v be (a - -36) + 138*1. What is the highest common divisor of v and m?
19
Let d(c) = c**3 + 10*c**2 + 19*c - 27. Let b be d(-6). What is the highest common divisor of 993 and b?
3
Suppose -57*l + 44*l = -5590. What is the greatest common divisor of 30 and l?
10
Let a be (-2)/(12/(-54) + 0). Let g = 1 + 8. What is the greatest common factor of g and a?
9
Let r(s) be the first derivative of 2*s**3/3 - s**2 + 5*s - 10. Let c be r(-4). Calculate the greatest common divisor of 5 and c.
5
Let d(x) = -x**2 + 14*x - 18. Let f be d(12). Suppose 9*n - f*n - 363 = 0. Calculate the greatest common factor of 11 and n.
11
Let v(u) = -3*u - 6. Let t be v(-22). What is the greatest common divisor of t and 125?
5
Let l(p) = -8*p - 3. Let k be 2*2 + 3 + -2. Let u be l(k). Let r = u - -97. What is the highest common factor of r and 18?
18
Suppose 212*r - 229*r + 238 = 0. What is the greatest common divisor of 1470 and r?
14
Suppose 0 = -89*b + 94*b - 810. Calculate the highest common factor of 36 and b.
18
Suppose -14*g + 4422 = -8*g. What is the greatest common factor of g and 11?
11
Let w = 168 + -166. Suppose -w = -2*m + 14. What is the highest common divisor of 8 and m?
8
Suppose -264 = h - 5*h + 3*o, 2*o + 71 = h. Calculate the greatest common divisor of h and 45.
9
Suppose -28 - 16 = -4*m - 4*q, -3*m = -4*q - 26. What is the highest common divisor of 50 and m?
10
Let c(u) = u**2 + u - 20. Let d be c(0). Suppose 2*b - 550 = -80. Let l be 3/12 - b/d. What is the highest common divisor of 96 and l?
12
Let k be (-228)/16 - 4/(-16). Let m be ((-49)/2)/(7/k). What is the highest common factor of m and 7?
7
Suppose 9*k - 1957 = -517. Suppose 11*y - k = 6*y. Calculate the greatest common divisor of y and 16.
16
Suppose 0 = 4*k + 25*c - 30*c - 486, -4*k + 470 = 3*c. Calculate the greatest common factor of k and 63.
7
Suppose -109*a = -114*a + 105. What is the highest common factor of 203 and a?
7
Let k(j) = j**2 + 54*j + 2. Let g be k(-54). Suppose 2*i = 4*f - 70, -6*f = -f - 5*i - 85. What is the greatest common divisor of f and g?
2
Let i(r) = -r**2 + 46*r - 195. Let j be i(13). Calculate the highest common divisor of j and 52.
26
Let l(v) = 27*v + 30. Let c be l(0). What is the greatest common divisor of 75 and c?
15
Suppose 5*h - 3*h = 4. Suppose -h*i - 4 = -74. What is the highest common factor of 14 and i?
7
Suppose 23 + 49 = -2*y. Let r be 5/(-3)*y/10. What is the highest common factor of 42 and r?
6
Suppose 0*c = -2*a + 4*c + 244, -a - 5*c = -150. What is the highest common factor of 10 and a?
10
Let d = -216 + 286. Let u(n) = 5*n**3 - n**2 - 1. Let q be u(2). Sup